base 14) to base 5
1303303111
Convert -4441514 (base 7) to base 8.
-2056273
What is -130021312 (base 4) in base 12?
-5689a
Convert -744551 (base 12) to base 3.
-10110002122221
Convert -2211012001 (base 3) to base 15.
-116ca
Convert -2040166 (base 7) to base 4.
-323310013
Convert 111632 (base 9) to base 15.
14c1e
What is -316021 (base 8) in base 16?
-19c11
-1363476 (base 8) to base 9
-648624
-6ba122 (base 12) to base 4
-12220130222
What is 79b78 (base 13) in base 14?
5aaca
What is 142215 (base 6) in base 16?
34a3
Convert 22303303 (base 4) to base 6.
540551
Convert -356537 (base 8) to base 6.
-2341435
Convert -22666064 (base 7) to base 12.
-805308
Convert -53513444 (base 6) to base 14.
-2d2072
Convert 24152 (base 9) to base 12.
9432
What is -296420 (base 13) in base 15?
-15047e
Convert 43302122 (base 5) to base 6.
11524301
21003023202 (base 4) to base 15
31cd9c
Convert 324152 (base 7) to base 15.
11bdb
Convert 53b71 (base 14) to base 10.
202567
-201544140 (base 7) to base 14
-17b93c7
What is -1ba163 (base 15) in base 13?
-383808
-1074524 (base 8) to base 13
-a35c2
1011001100001010 (base 2) to base 10
45834
-120332103 (base 4) to base 14
-293c7
-21347565 (base 9) to base 4
-213110030201
Convert 36536 (base 8) to base 4.
3311132
Convert 11112220011 (base 3) to base 7.
522124
-7a94c (base 16) to base 14
-d0d9a
4781563 (base 9) to base 11
1510aa9
-63473d (base 14) to base 7
-40341106
What is 1111000011000111 (base 2) in base 10?
61639
What is 204231020 (base 5) in base 9?
1537657
What is -100000001111011011001 (base 2) in base 3?
-1222200012122
-280880 (base 9) to base 14
-46602
What is -21133030330 (base 4) in base 6?
-125150204
Convert -9025 (base 14) to base 2.
-110000010011001
122a8 (base 12) to base 7
131513
Convert 3785c (base 14) to base 8.
411652
Convert 1011100010001001111010 (base 2) to base 10.
3023482
-bed420 (base 15) to base 3
-122010200000110
10733077 (base 8) to base 16
23b63f
What is -47991 (base 16) in base 2?
-1000111100110010001
What is 13c002 (base 13) in base 5?
110431332
10022001222011 (base 3) to base 7
20621302
Convert 4623603 (base 8) to base 7.
13445523
472c8f (base 16) to base 5
2143230323
27bbb9 (base 12) to base 8
2417775
Convert -66682 (base 9) to base 2.
-1010110100001100
Convert 1000212001000 (base 3) to base 15.
ac690
-10122121022122 (base 3) to base 12
-7971bb
What is 10010100110111101 (base 2) in base 10?
76221
4826e (base 15) to base 3
102200120112
23100104 (base 6) to base 12
2a1634
Convert 3504244 (base 8) to base 2.
11101000100010100100
Convert 10332322112 (base 5) to base 8.
52616320
-53054 (base 7) to base 13
-5c48
What is 221000200221 (base 3) in base 8?
1702052
Convert 1013321 (base 5) to base 16.
4147
What is -11011010101110110101 (base 2) in base 15?
-12a6d5
Convert 4404a (base 14) to base 9.
270836
What is -a8107 (base 14) in base 12?
-177177
-7950289 (base 10) to base 7
-124401454
4c27d (base 14) to base 7
1406316
What is -4074244 (base 11) in base 14?
-d53bbb
What is -4c5b2 (base 16) in base 8?
-1142662
Convert -23a109 (base 12) to base 7.
-4623051
What is -2a2354 (base 14) in base 5?
-333402313
8527319 (base 10) to base 9
17036248
-11663551 (base 7) to base 5
-232322000
Convert 2211212221 (base 4) to base 2.
10100101100110101001
1229577 (base 10) to base 9
2273586
10b387 (base 12) to base 15
547ba
What is -12010112010 (base 3) in base 8?
-305167
Convert 101111001010101100 (base 2) to base 13.
69c23
482ddb (base 14) to base 12
9ab6b1
401152230 (base 6) to base 2
11001110111001111111010
What is 1502132 (base 6) in base 13?
30203
What is -10464126 (base 7) in base 12?
-3787b6
-40312404 (base 5) to base 3
-121101212120
Convert 202061 (base 8) to base 5.
4112414
201243003 (base 6) to base 10
3427275
Convert -523021 (base 7) to base 15.
-1b971
Convert 975544 (base 11) to base 15.
20c004
101121112020102 (base 3) to base 15
766062
13354014 (base 7) to base 15
197769
-12200223322 (base 4) to base 7
-20335636
101011000100111011110 (base 2) to base 16
1589de
548182 (base 9) to base 12
139618
What is 2060a22 (base 11) in base 9?
6745400
-20022202111 (base 3) to base 8
-363103
2056141 (base 7) to base 6
5202451
51446522 (base 8) to base 4
221210311102
Convert ba678 (base 12) to base 16.
3c23c
-120021100101 (base 3) to base 11
-195934
Convert -1848583 (base 9) to base 15.
-157129
3432034041 (base 5) to base 3
112110200112222
-192101 (base 10) to base 15
-3bdbb
2dfa9 (base 16) to base 6
4011521
What is -100110211220 (base 3) in base 6?
-3555253
10001011110001101 (base 2) to base 7
415434
Convert -c72ca (base 13) to base 14.
-94995
67138 (base 14) to base 3
110200212102
What is -6a1a6 (base 12) in base 11?
-97730
Convert -214334153 (base 6) to base 14.
-7246d7
Convert 5031413 (base 10) to base 8.
23142765
What is 12101120001121 (base 3) in base 12?
b61bb1
What is -250052 (base 6) in base 15?
-680e
What is 1002003232103 (base 4) in base 9?
35523108
What is 9a2a (base 16) in base 3?
2000010201
Convert 266d84 (base 14) to base 11.
825773
-193569 (base 13) to base 2
-10011011001111011001
Convert -5532764 (base 10) to base 9.
-11362465
-4032516 (base 8) to base 2
-100000011010101001110
Convert -42304 (base 9) to base 8.
-66455
Convert 1622362 (base 7) to base 10.
224170
-ad24c8 (base 14) to base 16
-59c8c0
What is -a5684 (base 11) in base 6?
-3144231
27113847 (base 9) to base 10
13354513
495787 (base 11) to base 16
bf4d2
Convert -27633125 (base 8) to base 13.
-13a620b
Convert -86941 (base 10) to base 9.
-142231
31554 (base 9) to base 15
62b1
What is 8e66d (base 16) in base 6?
20300205
Convert 1001101111000100 (base 2) to base 3.
2000200220
-53175c (base 14) to base 15
-3a727b
What is 898308 (base 14) in base 5?
2143432014
Convert -212103333 (base 4) to base 2.
-100110010011111111
-1423323 (base 6) to base 15
-19083
Convert -1930380 (base 12) to base 5.
-2323210313
Convert -234726 (base 8) to base 15.
-18c12
Convert -61051 (base 7) to base 16.
-39c1
Convert -76c30 (base 14) to base 16.
-4641a
-38332 (base 12) to base 11
-52528
What is -4336630 (base 7) in base 3?
-222221211121
Convert 2000101111200 (base 3) to base 10.
1070541
1060230 (base 8) to base 15
59eec
What is 1000111100111110000 (base 2) in base 14?
78ca4
What is -423356 (base 8) in base 11?
-96a67
What is -2706411 (base 10) in base 7?
-32001261
What is 121125 (base 7) in base 8?
53004
What is -245021300 (base 6) in base 7?
-55035600
Convert 2238476 (base 10) to base 16.
22280c
What is 1121020211 (base 3) in base 12?
162b7
-6015530 (base 7) to base 11
-445706
26abe (base 15) to base 13
44540
-21000102121100 (base 3) to base 9
-7012540
Convert 406027 (base 11) to base 7.
5354341
What is 100211323122 (base 4) in base 16?
425eda
3974c1 (base 15) to base 14
51b3a8
What is 3821b7 (base 16) in base 10?
3678647
What is -2258248 (base 11) in base 16?
-3c433b
What is 40423436 (base 7) in base 8?
14661036
What is 344c14 (base 14) in base 2?
110110010101100000010
-2051821 (base 12) to base 14
-b43305
Convert 3021210120 (base 4) to base 11.
514338
Convert -32525501 (base 6) to base 12.
-3b0891
What is -220101010121121 (base 3) in base 7?
-215051623
-202012002221122 (base 3) to base 5
-10221320020
364214 (base 7) to base 12
32458
Convert 44414141 (base 5) to base 13.
107baa
Convert -5921a (base 14) to base 2.
-110101000001101000
What is -103300353 (base 6) in base 13?
-4c6b84
12022112212 (base 3) to base 9
168485
What is -1c22c6 (base 13) in base 9?
-1315148
-843ec (base 16) to base 15
-aa76b
What is 1236ad (base 14) in base 4?
2120121121
What is -1111311200 (base 4) in base 16?
-55d60
What is -2111001201112 (base 3) in base 9?
-2431645
Convert -1807207 (base 9) to base 13.
-294406
Convert 344521050 (base 6) to base 11.
3672664
Convert -1606042 (base 7) to base 8.
-656643
Convert 2203671 (base 9) to base 12.
491031
Convert -5418656 (base 11) to base 7.
-143662450
What is 37711 (base 8) in base 9?
24353
-246105425 (base 7) to base 2
-111011010011111111110101
2e899 (base 15) to base 8
445654
What is 6083a5 (base 13) in base 10?
2245976
2000110211112 (base 3) to base 6
34552022
25b295 (base 12) to base 13
189713
374e3e (base 16) to base 10
3624510
-899575 (base 10) to base 13
-2565c1
What is -445242351 (base 6) in base 5?
-4032432140
1075126 (base 9) to base 15
b72b3
What i